the remainder when 15 is divided by c?
7
Let c = -24 + 33. Suppose 0 = 3*w - 21 + c. Suppose a + 0*a + 3*q + 3 = 0, 0 = 2*a - 2*q - 26. Calculate the remainder when a is divided by w.
1
Suppose -3*p + t = -4*t - 73, 0 = p + 3*t - 15. What is the remainder when 102 is divided by p?
18
What is the remainder when 1 - 52/8*-6 is divided by 21?
19
What is the remainder when 65 is divided by 30 + (4 - 20)/(-4)?
31
Let v(b) = -b**2 + 15*b + 3. Let u be v(15). Calculate the remainder when 34 is divided by 19 - u/12*4.
16
Let r(k) = 11*k + 1. Let d be r(3). What is the remainder when (4 + -6)*d/(-4) is divided by 5?
2
Let s = 49 - 13. Calculate the remainder when 71 is divided by s.
35
Let c = -14 - -24. What is the remainder when 19 is divided by c?
9
Suppose 0 = 5*o - 4*o - 2. Suppose 0 = 3*j + o*j - 100. Calculate the remainder when j is divided by 7.
6
Let w(l) = -2*l**2 - 16*l + 3. What is the remainder when w(-5) is divided by 17?
16
Suppose 0 = -5*t + 111 + 164. Suppose 21 = -2*n + t. What is the remainder when n is divided by 10?
7
Suppose -2*z = -4*z, 0 = -3*j - 5*z + 63. Let p be (2/3)/(4/6). Suppose -s = 1, s = -3*l + j - p. Calculate the remainder when 11 is divided by l.
4
Let t(r) = 3*r - 4. Let s(g) = -1. Let b(c) = -s(c) + t(c). What is the remainder when 25 is divided by b(4)?
7
Let q(h) = 9*h - 39. Calculate the remainder when q(7) is divided by 7.
3
Let d(b) = b**3 - 8*b + 3. What is the remainder when (9 - 1)/(3/6) is divided by d(3)?
4
Let a(z) = -z + 4. Let v be a(4). Let b = 10 - v. Calculate the remainder when 17 is divided by b.
7
Let n be (0 - -18) + -7 + 6. Let s = -3 + n. What is the remainder when 39 is divided by s?
11
Let i = 88 - 49. What is the remainder when i is divided by 14?
11
Let z(x) = x. Let k be z(6). Suppose 0 = -5*r - 0*r + 20. Calculate the remainder when r is divided by (9/(-6))/((-3)/k).
1
Suppose -4*m = -337 - 39. What is the remainder when m is divided by 16?
14
Let g = -33 + 46. Calculate the remainder when 50 is divided by g.
11
Let g(o) = o**2 + 2*o - 8. Calculate the remainder when g(4) is divided by 9.
7
Let l be (-3 - -6)*(1 - 0). Suppose 9 = -3*s, 2*s + 216 = l*g + 2*g. What is the remainder when g is divided by 22?
20
Suppose -3*z + 0*z + 24 = 0. Let l = -83 + 122. Calculate the remainder when l is divided by z.
7
Let f = 39 - 17. Calculate the remainder when 64 is divided by f.
20
Let b(v) = 2*v + 19. Let u = 22 + 4. Calculate the remainder when u is divided by b(-5).
8
What is the remainder when 12 is divided by (7 - 8)/((-1)/8)?
4
Suppose 3*f - 102 = 3. What is the remainder when f is divided by 12?
11
Let n = 85 + -193. Let m = 54 + -23. What is the remainder when m is divided by n/(-10) + (-1)/(-5)?
9
Suppose -5*r + 754 = 2*s, -825 = -5*r + s - 62. Calculate the remainder when r is divided by 11.
9
Let r(h) = -h**3 + 7*h**2 - 5*h - 1. Let g be r(6). Let q = g - 3. Calculate the remainder when 6 is divided by q.
0
Let f(q) be the second derivative of q**4/12 + q**3/2 - q. Let d be f(-3). Suppose d = v - 4 + 2. What is the remainder when 5 is divided by v?
1
Let d(u) = -2*u**2 + 10*u + 6. Let n be d(8). Let x = n - -88. Calculate the remainder when x is divided by 12.
10
Let g(c) = -6*c**3 + 2*c + 1. Let b be g(-1). Suppose -2*w + 147 = b*l, 0*w + 34 = l + 5*w. What is the remainder when l is divided by 16?
13
Suppose -i + 3*i - 54 = -3*f, f + 80 = 4*i. Calculate the remainder when 81 is divided by i.
18
Suppose 4*t - 10 = 14. Calculate the remainder when 15 is divided by t.
3
Let s(h) = -h + 4. Let r be s(4). Suppose 4*p + k = -r*k + 15, 0 = 2*p - 5*k + 9. Suppose 17 + 18 = 5*u. What is the remainder when u is divided by p?
1
Let r = 25 - 21. What is the remainder when 14 is divided by r?
2
Let d be (-1 + 2)*219/3. Suppose -3*j - 2*v = 2*v - 122, -2*j - v + d = 0. Suppose j = q + 2. Calculate the remainder when q is divided by 11.
10
Let q = -47 - -61. Calculate the remainder when 26 is divided by q.
12
Let q = -20 - -51. Let w = -18 + q. What is the remainder when w is divided by 8?
5
Let c(l) = -l + 8. Suppose 3*r - 30 - 17 = 4*o, 0 = -3*r + 5*o + 49. What is the remainder when r is divided by c(0)?
5
Let r(f) = f**2 + 6*f - 46. Calculate the remainder when r(-15) is divided by 9.
8
Suppose -u + 0*u - l + 25 = 0, 23 = u - l. Let y = -3 - -8. Suppose 32 = -y*v + 97. What is the remainder when u is divided by v?
11
Suppose -4*a + 35 = a. Let b = -5 + 6. Let m = b + a. Calculate the remainder when 23 is divided by m.
7
Suppose 0 = 17*g - 5*g - 36. Let h = 8 + -5. Suppose 7 = 3*a - 2*a - h*w, 4*a = g*w + 19. What is the remainder when a is divided by 2?
0
Let t(b) = b - 6. Let r be t(0). Let g be 2/(-6)*2*r. Suppose -18 - 6 = -g*l. What is the remainder when l is divided by 4?
2
Suppose -p + 127 = 4*q, 0 = 5*q + 2*p - 0*p - 158. Suppose -2*f + 0*f = 6, 19 = 2*u + 5*f. What is the remainder when q is divided by u?
15
Let b(k) = 9*k**2 - 2*k**3 - 4*k**2 + 3*k**3 - 2*k**3 + 3*k + 2. Let y be b(6). Let a = 41 + y. What is the remainder when a is divided by 9?
7
Let i = -94 - -130. Calculate the remainder when 141 is divided by i.
33
Let p(m) = -6*m - 2. Let j be p(-2). Suppose -2*v - 3*v + j = 0. Calculate the remainder when 32 + 0 - 1 - v is divided by 15.
14
Let n be (-3)/(-12) - 134/(-8). Let v = n + -8. What is the remainder when v is divided by 6?
3
Suppose -2*s = -0 - 6. What is the remainder when 26 is divided by -18*(s/6)/(-1)?
8
Let m(w) = w**2 + 6*w + 3. Let k be m(-6). Suppose k = -i - 0. Calculate the remainder when 20 is divided by (i/(-3) - 0) + 10.
9
Suppose y - 16 = -4*r, -16 = 2*y - 3*y - 5*r. Suppose 2*g = 4*g - y. What is the remainder when g is divided by (-1 - -5) + (-4 - -5)?
3
Let s(n) = n**2 - 11*n - 11. Let b be s(12). Calculate the remainder when 3 is divided by b*1/2*4.
1
Calculate the remainder when 48 is divided by (14 - 12)*25/2.
23
Let o(z) = -12*z**3 + 17*z**3 + 4*z - 1 - 2*z**2 - 4*z**3. What is the remainder when 58 is divided by o(3)?
18
Suppose 7 = -3*n + 49. Let c be (-32)/6*(4 + -1). What is the remainder when n is divided by (-1)/2*(c + 6)?
4
Let s = 20 + -2. Let x(v) = v**3 + 9*v**2 - 5. Let f be x(-4). Suppose -22 + f = a. Calculate the remainder when a is divided by s.
17
Let a be (-184)/(-6)*3/2. Let t = -3 - -5. Suppose 5*r = -0*r + 5*f + 20, -4*r - t*f + a = 0. Calculate the remainder when 25 is divided by r.
7
What is the remainder when (2/(-2) + 0)/((-2)/94) is divided by 10?
7
Let n(q) = 6*q - 21. Calculate the remainder when 40 is divided by n(7).
19
Let n = 7 - 5. Suppose -n*l = 3*m - 40, 5*l + m - 6*m = 100. What is the remainder when l is divided by 4 - (-2 + -1 + 0)?
6
Let x = 50 + -23. Suppose 3*p + 224 = 7*p. Suppose k + 2*k + w - 42 = 0, 3*w - p = -4*k. What is the remainder when x is divided by k?
13
Let q be (-6)/9*(-909)/(-6). Let z = -71 - q. Calculate the remainder when z is divided by 8.
6
Let h = 15 - -17. Let o = h + 7. Let r = 70 + -50. Calculate the remainder when o is divided by r.
19
Let m = 2 - 3. Let t be m + 3 - (0 - 0). Suppose 0 = o + t*o - 165. What is the remainder when o is divided by 19?
17
Let g = -54 - -76. What is the remainder when g is divided by 13?
9
Suppose 2*z + 3*z = 85. Calculate the remainder when 501/15 + (-4)/10 is divided by z.
16
Let t(h) = -h**2 + 7*h - 8. What is the remainder when 5 is divided by t(5)?
1
Let i = -1 - 4. Let v = i + 9. Suppose 3*u - 34 = -v*o + 19, 0 = 5*u + 25. What is the remainder when 33 is divided by o?
16
Let y = 7 - 7. Calculate the remainder when 17 is divided by 9 + (y - 0)/(-1).
8
Let t = 40 - 17. What is the remainder when 68 is divided by t?
22
Calculate the remainder when 108 is divided by (-4)/18 - (-1)/(9/254).
24
Suppose 4*q = 3*g - 76, -4*g + 3*q = -7*g + 69. Let d = -32 - -45. Calculate the remainder when g is divided by d.
11
Let c be (-158)/6*6/(-2). Let o = c - 56. Let w = 27 + -19. What is the remainder when o is divided by w?
7
Let g(d) = -d**3 - 3*d**2 - 4. Suppose -s = -p + 3*p - 32, 0 = 5*s. Calculate the remainder when g(-5) is divided by p.
14
Let m = 25 + -21. Suppose -j = -5*l - 2*j + 82, -m*j = -8. Calculate the remainder when (31/3)/(1/3) is divided by l.
15
Let d = -9 + 23. Suppose -4*s = 3*n - 159, 0*n - 2 = -2*n. Calculate the remainder when s is di